
8
Suppose 62*s - 75*s = -18473. What is the hundreds digit of s?
4
Let g(o) = 274*o + 367. What is the thousands digit of g(6)?
2
Let s(o) = o**2 + 12*o + 71. Let g be s(-13). Let x = 70 + g. What is the tens digit of x?
5
Let q be 1/(5/(51 + 4)). Suppose 5*t - 6*t - 2*p + q = 0, 3*p = -t + 15. Suppose -4*m = h - 340, m + t*h = 51 + 45. What is the tens digit of m?
8
Suppose 196 = -5*w + 1136. Let a be (w/12 + -3)*-3. Let s = a - -67. What is the tens digit of s?
2
Let a = 110 - 104. Suppose -a*g = -17*g - 11. Let x(h) = 236*h**2 - 3*h - 3. What is the hundreds digit of x(g)?
2
Suppose -2*r = -0*r + 128. Let n = 28057 + -27950. Let i = n + r. What is the tens digit of i?
4
Let r(m) = 2*m**3 + 13*m**2 + 16*m - 11. Let t be r(-9). What is the hundreds digit of -6 - (t + -3 + -1 + -6)?
5
What is the tens digit of ((-132)/(-154))/((-2)/14)*(-228126)/18?
4
Suppose 3707 = 4*n - c, 6*n = 2*n - 3*c + 3711. Let z = 1549 - n. What is the tens digit of z?
2
Let i be (120/32)/((-6)/(-80)). Let u = i + -22. What is the tens digit of u?
2
Suppose 75001 - 6194 = 83*d. What is the tens digit of d?
2
Let j(q) = 2*q**3 - 17*q**2 + 62*q + 1. Let w be j(11). Suppose -y + 531 + w = 0. What is the thousands digit of y?
1
Let u(m) = -787*m - 545. What is the tens digit of u(-3)?
1
Let h be ((-172)/(-3) - 0)/(10/(-45)). Let n = -92 - h. What is the units digit of n?
6
Let r = 67 + -80. Let p(g) = -2*g - 24. Let i be p(r). What is the units digit of 274 + i/4*-2?
3
Suppose 12*s = 77*s + 41*s - 145008. What is the hundreds digit of s?
3
Let y = 55 - 51. Suppose -4*m - 232 = -4*n, -2*n + y*m - 43 = -3*n. Suppose -n = -z + 81. What is the hundreds digit of z?
1
Let k(g) = 2*g + 14. Let l be k(-5). Let v(u) = u**2 - 7*u + 6. Let x be v(l). Let b(j) = -j**3 - 6*j**2 - 14*j - 6. What is the tens digit of b(x)?
7
Suppose 4*z - 5*n + 380 = 0, -2*z + 3*z = -3*n - 95. Let t = 95 + z. Suppose -5*g - 5*o + 595 = 0, 4*g + 2*o = -t*o + 470. What is the units digit of g?
6
Let f be -2 + (0/(-4) - -2 - -4). Suppose 0*j = 4*j - f, 0 = -4*n - 2*j + 2030. What is the tens digit of n?
0
Let r = 1494 + -38. Suppose 7*a - r = 3122. What is the units digit of a?
4
What is the units digit of 14/231 + (-21176028)/(-1188)?
5
Suppose -3*v = 4*h + 20, 7*h - 9*h = 2*v + 10. Suppose -d = v, -4*o + 1948 = -0*o + 5*d. What is the tens digit of o?
8
Let h(c) = 398*c + 1851. What is the thousands digit of h(31)?
4
Let a(v) = v + 63. Let p be a(0). Suppose -p = -r - 5*o, -o = -5*o - 20. Let x = r - 40. What is the tens digit of x?
4
Let r be (-1 + 3)*3/(36/174). Let c(w) = -w**3 + 28*w**2 + 51*w + 31. What is the tens digit of c(r)?
6
Let l(q) = 6*q**3 - 11*q**2 + 73*q - 226. What is the thousands digit of l(9)?
3
Let z(q) = -q**3 + 4*q**2 + 5*q. Let y be z(5). Let t(r) = -3*r + 12. Let g be t(y). Suppose 594 = 18*m - g*m. What is the units digit of m?
9
Let d(w) = 2561*w - 5243. What is the hundreds digit of d(18)?
8
Let n(f) be the first derivative of 0*f**3 + 3/2*f**2 - 7*f + 1/4*f**4 + 9. What is the units digit of n(3)?
9
Let j(a) = 3431*a - 1086. What is the units digit of j(5)?
9
Suppose 2*r = -3*b + 6, -5*b - 15*r = -12*r - 11. Suppose 1175 + 477 = 4*k - b*j, 2*k = -3*j + 836. What is the hundreds digit of k?
4
What is the hundreds digit of ((-100408)/32)/(-7) - 1/4?
4
Suppose -5*q = 277 + 68. Let n be 149/(0 + -2 + 3). Let z = n + q. What is the tens digit of z?
8
Let w = -1487 + 2801. Let x = w + -550. What is the tens digit of x?
6
Suppose 7*b + 52 - 66 = 0. Let k(o) = 78*o + 54. What is the units digit of k(b)?
0
Let z be 3624*(-5 - (-273)/14). What is the hundreds digit of 2/6 + 16 + z/36?
4
Suppose 2*z + 6 = 5*a - a, 0 = 2*a - 3*z - 1. Suppose -5*d = -3*u - 3, -6*d + a*d = -5*u - 18. Let m(p) = p**2 - 3*p - 6. What is the units digit of m(u)?
8
Let j be 96/42 - (-2)/(-7). Suppose j*i - g = 1114, i + 4*g - 1114 = -i. Suppose -4*f = -t - i - 267, 0 = -3*f - 2*t + 629. What is the hundreds digit of f?
2
Suppose -b = -5*q - 2, 0 = -4*q - 5*b + 9 + 1. Suppose q = 3*t - 5*c - 37, c = t + 2*t - 17. What is the tens digit of 34/(-3)*(2 + (-14)/t)?
1
Let w(c) = c**3 - 14*c**2 - 16*c + 19. Let x be w(15). Suppose 1481 = x*o - 3*u, 0 = -4*o + 2*u + 1041 + 441. What is the tens digit of o?
7
Let q = -60 + 148. Let a = 78 + -69. Suppose a*d = 5*d + q. What is the tens digit of d?
2
Let x(t) = 52*t**2 - 48*t - 327. What is the hundreds digit of x(-8)?
3
Suppose 10*w - 8*w + c - 13121 = 0, 5*c = 3*w - 19688. What is the units digit of w?
1
What is the hundreds digit of (7 + (-32197)/22)*((-40)/6 + -2)?
6
Let t(i) = -68*i**3 + 4*i**2 - 44*i - 468. What is the ten thousands digit of t(-9)?
4
Let z = -180 + 175. Let o(q) = -8*q**2 + 7*q - 3. Let c(l) = l**2 - l + 1. Let t(x) = -5*c(x) - o(x). What is the units digit of t(z)?
3
Let b = 0 + -18. Let f = 77 - 89. What is the tens digit of (-3)/b - 550/f?
4
What is the hundreds digit of 25408/2 + (-51)/187*11?
7
What is the units digit of ((-10800)/504)/((-2)/3794)?
0
Let b(t) = t**2 - 13*t + 21. Let g be b(9). Let a be 6/9 - 110/g. What is the tens digit of 370/40*1*a?
7
Suppose 0 = 36*i - 45*i + 412614. What is the ten thousands digit of i?
4
Suppose 0 = 5*c + 7*b - 4*b + 10, 0 = 3*c - 2*b + 25. Let y(a) = 8 - a**3 + 2*a**2 + 0*a**2 - 6*a**2. What is the units digit of y(c)?
3
Let y = -29 - -36. Suppose y*x - 9*x = -0*x. Suppose x = -3*c + 193 - 1. What is the tens digit of c?
6
What is the hundreds digit of ((-4)/12*5)/(5*13/(-34866))?
8
Suppose -j + 2 + 0 = 0. Suppose j*r + 20 - 28 = 0. Suppose -2*a + 5 + 5 = -r*v, 4*a - 3*v - 15 = 0. What is the units digit of a?
3
Let i(g) = g**3 + 10*g**2 - 6*g - 20. Let t be i(-10). Let z = t + -43. What is the units digit of z*1 + (-306)/(-9)?
1
Let s be 2*(-12)/10 + (-3)/5. What is the hundreds digit of (0 + 63)*(-8)/s?
1
Suppose 184*i - 114873 = -5*l + 187*i, 3*l - 68925 = 3*i. What is the ten thousands digit of l?
2
Suppose 0 = -9*w + 36 - 0. Suppose -w - 7 = -p. Suppose p*j = 1796 - 168. What is the tens digit of j?
4
Let v = -125 - -4319. What is the tens digit of v?
9
Let b be 20/(-6) + (-24)/36. Let m be (-486)/b*(3 - (-4)/(-12)). Suppose 4*p - 324 = m. What is the tens digit of p?
6
Let w(f) = -f**2 + 2*f + 20. Let t(l) = -l**2 + l + 20. Let o(m) = -2*t(m) + 3*w(m). Let k be o(-7). Let y = 62 + k. What is the units digit of y?
5
Suppose 41*z = 43*z - 8808. Suppose -118*t = -106*t - z. What is the units digit of t?
7
What is the hundreds digit of 2425248/294 + (-52)/(-28) + -1?
2
Suppose 5*a + 4*c - 125380 = 0, -49260 = -4*a + 2*c + 51044. What is the ten thousands digit of a?
2
Let i(s) = -63*s + 57. Let u be i(-21). Suppose -3*z + 3*t - 1360 = -8*z, -u = -5*z + t. What is the hundreds digit of z?
2
Let p(l) = l**3 - 3*l**2 + 2*l - 5. Let c(q) = -q**2 - 13*q + 17. Let h be c(-14). Let n be p(h). What is the tens digit of (0 + 17 + n)*560/120?
8
Suppose -3*b + 2*u = -55554, -10*u = 2*b - 15*u - 37047. What is the thousands digit of b?
8
Let o(c) = -711*c - 2145. What is the units digit of o(-43)?
8
Let y = -29693 + 57643. What is the hundreds digit of y?
9
Suppose u = -3*u - 8. Let v(i) = -i**3 - 3*i**2 - 3*i - 2. Let t be v(u). Suppose -2*c - c + 60 = t. What is the tens digit of c?
2
Let q(b) = -4708*b + 1126. What is the tens digit of q(-3)?
5
What is the units digit of 7 + (78/234)/(4418/4416 - 1)?
3
Let q(m) = 14*m**2 + 4*m + 2. Let n be -5 + 7 - (-2 + 10). What is the tens digit of q(n)?
8
Let w = 169 - 98. Let s = 202 - w. What is the hundreds digit of s?
1
Let d = 5046 + -974. What is the tens digit of d?
7
Let g(i) be the second derivative of i**4/6 - 4*i**3/3 - 2*i**2 - 6*i. Suppose 0*d + 42 = 5*d - 3*c, -4 = c. What is the tens digit of g(d)?
2
Let l = 11101 - 7768. What is the thousands digit of l?
3
Suppose -391*w = -57*w - 7797898. What is the ten thousands digit of w?
2
Let t be 76/18 + 20/(-90). Suppose t*q + 16 = 8*q. Suppose -3*s - 9 - 186 = -5*n, -62 = -n - q*s. What is the units digit of n?
2
Let i(v) = -27*v - 1. Let u be i(6). Let a(p) = -5*p**2 + 66*p + 176. Let c be a(-3). Let h = c - u. What is the units digit of h?
6
Let k(d) = 28*d**2 + 298*d + 3069. What is the hundreds digit of k(-10)?
8
Let s(k) = -570*k + 2817. What is the thousands digit of s(-69)?
2
Let d(t) = t**2 + 11*t.